factors of q.
2, 5
Let z(u) = 74*u**2 - 5*u + 8. Let w be z(-4). Suppose 0*d + l - 904 = -3*d, 3*l - w = -4*d. What are the prime factors of d?
2, 3, 5
Suppose -4*c = p - 7, c + 5*p - 13 - 3 = 0. Let z(v) = 16*v - 1. Let l be z(c). Suppose 16*d - 15 = l*d. What are the prime factors of d?
3, 5
Let z(w) = -w**2 + 22*w + 15. Let h = 56 - 43. What are the prime factors of z(h)?
2, 3, 11
Let b(h) = h + 14. Let t be b(-8). Let i = 9 - t. List the prime factors of i.
3
List the prime factors of (1/3)/(13/1066)*18.
2, 3, 41
Let h(t) = t**2 + 5*t - 4. Let a be (-3 - -6)*14/6. Let k(v) = -v**3 + 8*v**2 - 8*v. Let x be k(a). List the prime factors of h(x).
2, 5
Suppose 2*y + 15 = 5*y. Suppose t = -y - 1. List the prime factors of ((-4)/t)/(2/114).
2, 19
Let g be (-6)/(6/(-4) - 0). Suppose 2*i - g*z = 6*i - 12, 21 = 5*i - z. What are the prime factors of ((-17)/i)/(3/(-12))?
17
Suppose -5*i + 74 = h, 3*i + 2*i = -2*h + 78. Let f = 20 - i. What are the prime factors of f?
2, 3
Let y be 4/5 - 1264/(-20). Suppose 5*s + 0*s + 4*q - y = 0, 5*s = 2*q + 88. List the prime factors of s.
2
Let w(o) = -2*o**3 + 3*o**2 + 2*o - 2. Let r be (-5)/((-5)/(-2)) + 5. Let t be w(r). Let h = t + 38. List the prime factors of h.
3, 5
What are the prime factors of (-21 - -111)*(-173)/(-3)?
2, 3, 5, 173
Suppose -5*b = -2*h - 86, 3*b - 16 = -b. Let i = h + 116. What are the prime factors of i?
83
Let i(v) = -4*v**2 + 5*v - 13. Let c be i(-11). List the prime factors of ((-12)/10)/3 + c/(-5).
2, 5, 11
Suppose -2 = -0*b - 4*b + 5*h, -2*b + 10 = 2*h. Suppose 4*u - 2*u - 3*c = 125, 0 = -2*u - b*c + 119. What are the prime factors of u?
61
Let c be (-1 - 0)*0/2. Suppose c = 3*l + 2*l - 20. Suppose 3*p + 26 = l*p. List the prime factors of p.
2, 13
Suppose -8 = -5*u + 2. Suppose 2*k = -u*k + 5*i + 5, -5*k + 2*i + 2 = 0. Let q(o) = -o**2 - o + 4. List the prime factors of q(k).
2
What are the prime factors of (491 - 14) + (3 - 1) + -3?
2, 7, 17
Suppose -5*v = 5*u - 40, -v = -3*u - u + 27. Suppose 6*a = -2*s + u*a + 164, -243 = -3*s + 3*a. What are the prime factors of s?
83
Let c = 38 + -40. List the prime factors of ((-1 - 3) + 3)/(c/16).
2
Let a = 291 + -220. What are the prime factors of a?
71
Let d(y) = -21*y + 6. Let h be d(-6). Suppose -c - 4 = -h. Suppose i = -i + c. List the prime factors of i.
2
Let a(d) = 596*d**2 - 14*d - 16. List the prime factors of a(-1).
2, 3, 11
Suppose 0 = 8*r - 11*r + 2166. What are the prime factors of r?
2, 19
Let m(b) = 228*b**2 - 16*b - 24. What are the prime factors of m(-2)?
2, 5, 23
Let c be (-3)/(18/4*1/(-3)). Suppose c*o - 8*o = -258. What are the prime factors of o?
43
Suppose -x - 5*a + a = -1817, -2*a = 5*x - 9049. List the prime factors of x.
3, 67
Suppose 3*f + 3*i - 912 = -f, -5*f = -i - 1121. Suppose -17*a + 14*a + f = 0. List the prime factors of a.
3, 5
Let p = -164 + 860. List the prime factors of p.
2, 3, 29
Let j = 17 - 20. Let c be (-1)/((-4)/64) + j. List the prime factors of (26/c)/(4/18).
3
Let d = 23 + -13. Let s = d - 7. Suppose -3*h + 21 = s*n + n, 3*n + 3 = 4*h. What are the prime factors of n?
3
What are the prime factors of 1/(2/562) - 212/(-53)?
3, 5, 19
What are the prime factors of (-12)/(-15) - (-109056)/30 - -7?
3643
Suppose -4*y + 20216 = -4*q, 5*q + 11 + 9 = 0. List the prime factors of y.
2, 5, 101
Suppose 5*q - 43 = 107. Let i be ((-20)/(-16))/(1/4). Suppose i*v - q = 5. What are the prime factors of v?
7
Let j = 6094 + -3360. What are the prime factors of j?
2, 1367
Let k = 13 + -9. Suppose -4*p + k*d + 0*d = -24, p + 2*d + 3 = 0. Suppose -2*o = p*o - 140. What are the prime factors of o?
2, 7
Suppose 0 = 16*z - 14*z + 90. Let l = 99 + z. What are the prime factors of l?
2, 3
Suppose -99*x + 77882 = -444244. List the prime factors of x.
2, 3, 293
Let r(o) = -3*o**2 + 11*o - 7. Let l be r(7). Let w = -42 - l. What are the prime factors of w?
5, 7
Let x be (0 + -6)*2/(-3). Suppose -3 = m + d - 60, x*m - d = 208. Suppose -3*h - i = -m, -h + 3*i = 4*h - 79. What are the prime factors of h?
17
What are the prime factors of 589 + 13 - 18/(-3)?
2, 19
Let k be (-1 + 0 + 1)/(-2). Let t(v) = v**3 - 14*v**2 + 15*v - 12. Let g be t(13). What are the prime factors of k + 1 - -1*g?
3, 5
Let h be (-12)/(-14)*28/6. Let x be (-12)/30 + h/10. Suppose 3*b + x*b - 234 = 0. What are the prime factors of b?
2, 3, 13
Let l be ((-2)/(-3))/((-8)/(-36)). Suppose -5*o + 6 = -6*o + 2*y, 0 = -2*o + l*y - 9. Suppose o = 4*z - 69 + 21. List the prime factors of z.
2, 3
Suppose -4*z + k = -5698, 2*z + 5*k - 7110 = -3*z. List the prime factors of z.
2, 89
Let i(o) = -o**3 + 6*o**2 + 6. Let y be i(6). Suppose -3*t - 15 = -y*t. Suppose -h = 2*v, 6*v - v + t*h + 10 = 0. What are the prime factors of v?
2
Suppose -3*t - 2*q = -2108, -4*t + 3*q + 743 = -2096. List the prime factors of t.
2, 353
List the prime factors of -3273*(-2)/12 - 3/2.
2, 17
Let p = 25 + 0. Suppose r = -9 + p. Suppose -2*s + 6 = -r. List the prime factors of s.
11
Let o = -2376 + 4488. What are the prime factors of o?
2, 3, 11
Suppose -1029*g + 2196 = -1027*g. List the prime factors of g.
2, 3, 61
Let z(v) be the second derivative of 29*v**3/6 - 47*v**2/2 - 25*v. What are the prime factors of z(9)?
2, 107
Suppose 18*w + 1638 = 25*w. What are the prime factors of w?
2, 3, 13
Let z = 3774 - 2620. What are the prime factors of z?
2, 577
Let n(d) = 18*d**3 - 2*d**2 + 7*d - 11. List the prime factors of n(4).
3, 379
Let z be ((-16)/12)/((-1)/18). Suppose z + 19 = q. What are the prime factors of q?
43
Suppose 3*f + 15 = 0, -5*y - 9*f = -10*f - 24950. List the prime factors of y.
3, 1663
Suppose -18*y - 9*y + 34479 = 0. List the prime factors of y.
1277
Let u(j) = j**2 - 5*j - 10. Let p = 26 + -20. Let q be u(p). List the prime factors of ((-20)/6 - q)*6.
2
Let y(d) = 4 + 18*d - 7*d + 2 - 5. List the prime factors of y(6).
67
Suppose 0 = q - 6*q - 3*z + 710, -4*q - z = -561. What are the prime factors of q?
139
Suppose -a - 2*y + 4*y + 39 = 0, 3*y - 9 = 0. Suppose -a = -2*u - u. Suppose -p + 9 = -u. What are the prime factors of p?
2, 3
Let w(g) = 12*g**2 + g. Let z(f) = f**2 + 2*f - 6. Let v be z(-3). What are the prime factors of w(v)?
3, 5, 7
Let v = 4 - 2. Suppose 2*p - 4*m - 104 = 0, 0*m = v*p - 3*m - 102. List the prime factors of p.
2, 3
Let t(p) = -p**3 - 12*p**2 + 12*p - 11. Let y be t(-13). Suppose y*v + 3*a = -29 + 329, -4*v + 5*a + 600 = 0. What are the prime factors of v?
2, 3, 5
Suppose o = 4*t - 22380, -209*t + 2*o = -210*t + 5595. List the prime factors of t.
3, 5, 373
List the prime factors of (-263)/((-6)/4 + 1).
2, 263
Let v = 73 - 116. Let q = -31 - v. Suppose q = j + 5. What are the prime factors of j?
7
Let j(i) = -i**3 + 6*i**2 - 4*i. Let m be j(5). Suppose 13 = m*p + 253. Let n = -25 - p. What are the prime factors of n?
23
Suppose 4*f - 2*m - 18612 = 0, -f + 2*m + 4643 = -7. List the prime factors of f.
2, 13, 179
Let u(f) = -3*f**2 - 2*f - 12. Let r be u(-8). Let k = r - -277. List the prime factors of k.
89
Suppose 3*n - 252 = -5*a, -4*n + n = 2*a - 243. Let x = n + -8. List the prime factors of x.
71
Suppose -5*s = -111 - 169. Let a = s - -3. What are the prime factors of a?
59
Let m(b) = 8*b**2 - 10*b - 23. List the prime factors of m(-7).
439
Let o be ((-48)/(-30))/(1/5). Suppose o = s - 16. Let w = s + 6. List the prime factors of w.
2, 3, 5
Let u = 52 + 390. Suppose 4*v - 158 - u = 0. List the prime factors of v.
2, 3, 5
Suppose 58 = 3*c - 2870. What are the prime factors of c?
2, 61
Let f be -122 - -3*(5 - 4). List the prime factors of f/(-5) - (3 - (-32)/(-10)).
2, 3
Suppose 5*m = 3*d + 1864, 3*m - 2*d + 736 = 5*m. List the prime factors of m.
7, 53
Suppose 6*m + 5*o - 115 = m, -3*o - 99 = -4*m. What are the prime factors of (-4)/m*-267*4/1?
2, 89
Suppose -4*g = 5*p - 6, p + 2*g = -0*g. Suppose 0 = p*j - 5*j + f + 619, 4*j - 824 = f. What are the prime factors of j?
5, 41
Suppose -w = -4*w + 5*b + 601, -2*b = -2. List the prime factors of w.
2, 101
Let l(a) = a**2 + 7*a - 9. Let c = 9 - 18. Let k be l(c). Let q = 16 + k. What are the prime factors of q?
5
Suppose -n - n - 3*v + 262 = 0, 5*n - 678 = 4*v. Suppose 130*p + 604 = n*p. List the prime factors of p.
151
Suppose -6 + 14 = 4*k + 2*o, -10 = 5*o. Suppose 727 = k*r - 2*z, 231 = r + 4*z + z